 = 2*k + 4*m, -k + 2*m = 6226 - 30516. Suppose 3*y = -5*a + k, -a - 19459 = -5*a + 5*y. Is a a composite number?
False
Suppose 0 = 7*d - 11*d - 32. Let q be ((-226)/d)/(8/160). Suppose -2*y + 217 = c, -6*y = -y - 2*c - q. Is y a composite number?
True
Let k = -67 - -73. Suppose -k*d - 27 = -195. Suppose 24*i - d*i = -5876. Is i prime?
False
Let u = 36464 + -3738. Is u a composite number?
True
Suppose -14 = -102*v + 95*v. Suppose -72197 = -5*w - v*t, -5*w - t = -26757 - 45444. Is w a prime number?
False
Let h(n) = 282*n**3 - 14*n**2 - 113*n - 38. Is h(11) composite?
False
Suppose 546*v = 22*v + 107049532. Is v composite?
True
Suppose 9*y = 6*y - 2*l + 77, -99 = -5*y + 4*l. Suppose y*k - 32*k = -12249. Is k composite?
False
Let f be (16/20 - 0)/((-1)/5). Let v be f + (-95)/(-25) - 4821/(-5). Suppose -4*x + v + 5248 = 0. Is x a composite number?
False
Let q be (-800)/(-125) - (2 + (-8)/5). Suppose -q*f = -9973 - 437. Is f prime?
False
Suppose -6*m + 904 = -662. Is 10004/6*m/174 a composite number?
True
Let q(k) be the second derivative of 7/12*k**4 + 7/3*k**3 + 3/2*k**2 + 4*k + 0. Is q(-4) prime?
True
Let h(r) = -5355*r + 2617. Is h(-56) composite?
True
Let o(q) = -17796*q + 7627. Is o(-41) a prime number?
True
Suppose -2*c + s + 22510 = -157410, 5*s = -3*c + 269867. Is c composite?
False
Let x(v) = 36933*v + 2954. Is x(13) a composite number?
True
Suppose 5 = h + 3. Let i be 0*(-4)/8*h. Suppose i = 4*x - 7*x + 381. Is x prime?
True
Let f(n) be the second derivative of 81*n**5/20 + n**4/3 + 17*n**2/2 + n - 119. Is f(6) prime?
True
Suppose -4*c = -4*j + 1522157 + 887783, 3*j - 1807441 = -4*c. Is j composite?
True
Is (-14)/((-881428)/176284 + -2 - -7) a composite number?
True
Let f = 118 + -104. Let l(p) = 9*p**3 - 14*p**2 + f*p + 15*p - 5 - 23*p. Is l(6) prime?
True
Suppose 71 + 62 = 7*h. Suppose -h*l = -13*l - 48. Is (1*1763 - 1) + -11 + l composite?
False
Let h(b) = -8*b - 41. Let d be h(-5). Let f be 33/3 + d - 5. Suppose -10718 = -2*l + 4*m, 2*l - f*l = -m - 16052. Is l a composite number?
True
Let y(v) = 333*v**2 - 15*v - 12. Let i(k) = 665*k**2 - 31*k - 25. Let n(b) = -4*i(b) + 9*y(b). Let o(c) be the first derivative of n(c). Is o(5) a prime number?
True
Let g be 0*3*(-3)/(-9). Let m(y) = 2*y + 5. Let i be m(g). Let j(b) = 60*b - 11. Is j(i) a prime number?
False
Suppose -33*r = -2*r + 93. Suppose 3*w + 1 = 4*t + 6, -w = 4*t + 25. Is (t + 3 - r)*2321 prime?
False
Let p = -14 - -17. Suppose 20*q - 3 = 19*q. Suppose -861 = -q*b - p*d, 2*d + 3*d + 1166 = 4*b. Is b prime?
False
Is (219046/(-12) + (-34)/51)*-2 a composite number?
True
Let n(p) = p**3 + 6*p**2 - 5. Let k be n(-6). Let c be 2609 - (k + (-6)/(-2)). Suppose -5*u + 3*f = -c, -1559 = -6*u + 3*u - 2*f. Is u prime?
True
Suppose -12*y - 54 = -3*y. Let s be ((-14)/(-35))/((y/(-5))/(-3)). Is (802 + s)*((-55)/15 - -4) a prime number?
False
Suppose 533947 = 5*y - 2*z, 3*y + 3*z - 8*z = 320391. Is y a prime number?
True
Let y(k) = -30*k**3 + k**2 - 5*k - 4. Let m be y(-3). Let s = -3983 + 6096. Let r = s - m. Is r a prime number?
True
Suppose 0 = -3*h + 13*h - 2350. Let q = -120 + h. Suppose n + 5*c = 206, -1229 + q = -5*n - 4*c. Is n composite?
True
Suppose -4*x - 67*i = -63*i - 2188096, 3*x - i = 1641100. Is x a composite number?
True
Suppose -5*o - 2*v + 2244 = -3411, -4*v = -3*o + 3419. Is (6 + -1 - 2) + (o - -9) composite?
True
Let y(k) = k**3 - 6*k**2 - 6*k + 27. Let z be y(6). Let w(d) = -10*d**3 - 12*d**2 + 15*d - 14. Is w(z) a prime number?
False
Let y(d) be the third derivative of d**4/2 + d**3/6 - 5*d**2. Let s = -16 - -25. Is y(s) prime?
True
Suppose -20*w + 10*h - 65911 = -23*w, 3*w + 2*h = 65927. Is w prime?
True
Let l be (-2)/(-16) + 564/96. Suppose l*f + 2371 = 7*f. Is f a prime number?
True
Let a(v) = 4*v**2 - 5*v + 1. Let n be a(2). Suppose -2*t = u - 33947, n*u + 16969 = t + 3*u. Is t prime?
False
Let k(y) = -42901*y**3 - 10*y**2 - 6*y + 2. Is k(-1) composite?
False
Let v(s) = 3*s**3 - s + 4. Let h be 3 + (-4 - 0) + 4. Suppose -3 = -h*o + x + 1, -3*x + 30 = 5*o. Is v(o) prime?
False
Suppose -10*d + 11*d + 18057 = -4*f, -3*d - 54171 = -2*f. Let w = -10690 - d. Is w composite?
True
Let j be ((-2)/6)/(((-14)/(-36))/7). Let p(y) = -4*y**3 + 3*y**2 + 2*y + 33. Is p(j) a composite number?
True
Suppose 5*v - w - 1730677 = -4*w, -3*w + 12 = 0. Is v a prime number?
True
Suppose -11405 = -3*m - l, 2*l = -3*m - l + 11403. Let p(v) = -v**2 - 23*v + 26. Let n be p(-24). Is ((-1)/n)/((-1)/m) a composite number?
False
Suppose 0 = -26*r + 21*r + 1290. Is (r + 0)*14/3 + 3 a composite number?
True
Let d = -439 - -359. Is ((-28562)/(-4))/((-40)/d) a composite number?
False
Let h(i) = -2*i**2 + 3*i + 9269. Let x be h(0). Let m = -1968 + x. Suppose c = 8*c - m. Is c a composite number?
True
Let p(o) = 4*o**3 - 2*o + 3. Let w be p(1). Suppose 3*d = -h - w, 6 = 4*h - 3*d + 2*d. Is -1 + (-2 - h*-476) a prime number?
False
Let s be (-4854)/(-24) + (-9)/(-12). Let z = s - 76. Is z a composite number?
False
Let b(y) = -3*y - 39. Let s be b(17). Let m be 25/(-2)*s/9. Let j = m + -2. Is j composite?
True
Let p(s) = -s**2 - 4*s - 1. Let q be p(-3). Suppose 3*o = 6*o - 2007. Is (o/6)/(q + (-6)/4) a composite number?
False
Let l be (3 + -6)/1*(-3)/9. Let o be 1880/6*(-2 + (l - -7)). Suppose 2*z + z = 4*i + 1411, 0 = 4*z - 4*i - o. Is z a prime number?
False
Let w(n) = -2*n**2 + 236 - 28*n - 246 - 7*n**2 - 18*n**3. Is w(-7) prime?
False
Suppose -10*f = -5*s - 14*f + 27279, s - 3*f - 5452 = 0. Is s a prime number?
False
Let n = 447 - 939. Let t = 632 + 353. Let v = t + n. Is v composite?
True
Is ((-24)/(-32))/(4 + (-2)/(24428840/48857665)) composite?
False
Suppose 3*v = 1172 + 622. Let h = v + 1551. Is h a composite number?
True
Let z = 191 + -194. Is ((z - -2)*-17)/(34/7582) a composite number?
True
Suppose -6*s + s + 35 = 2*w, 5*w - 15 = 2*s. Suppose -s*q + 21 = -34. Let l(p) = 2*p**2 - 18*p - 7. Is l(q) a composite number?
False
Let y(j) = 23219*j - 90. Is y(3) a prime number?
False
Let x(c) = -c**3 + 4*c**2 + 3. Let m be x(4). Let l(o) = 7*o**3 - 6 - 2*o + o**2 - 6*o**m + 4*o**3 + 0. Is l(5) a composite number?
True
Suppose -20*q + 21*q - 407191 = -4*j, -8*j - 1628860 = -4*q. Is q a composite number?
False
Let g(v) = v**2 + 9*v + 3. Let c be g(-9). Suppose -25 - 11 = -c*b. Is -1 - -997 - b/8*2 a composite number?
True
Let x = -6176 - -5105. Let y be 12/2*(2 - -312). Let r = x + y. Is r a composite number?
True
Let s be 42/1 + -2 + 0. Suppose -117583 = 9*g - s*g. Is g a composite number?
False
Let f = 111 - -152. Suppose -f - 359 = -2*v. Let k = 444 - v. Is k composite?
True
Suppose -6 = -3*x + x. Suppose 4*z + x*o = -z + 349, -2*z - 4*o + 134 = 0. Suppose -q + 232 = z. Is q composite?
True
Suppose 18*f - 1118540 = 5005798. Is f prime?
False
Let u = 1220 + -12101. Let o = u - -15280. Is o a composite number?
True
Suppose 0 = 10*z + 2*z - 31308. Is z composite?
False
Let r = 154 + -149. Is (-2)/(35571/(-7113) + r) a composite number?
False
Is (9/(-27))/((-37486924)/3748692 + 10) composite?
True
Suppose 5*b + 0*s = 3*s + 4, -5*s + 14 = 2*b. Let l(x) = -16*x**2 - 4*x + 14 + x**3 + 3*x**b - 12*x + x**2. Is l(15) prime?
True
Suppose -23*x + 2*j = -28*x + 876557, 0 = -5*j + 30. Is x a prime number?
True
Is (0 - 10/15) + 9/54*56230 a prime number?
True
Let p = 117 + -115. Suppose 2*i = y - 1298, p*y + i = 4*y - 2590. Let w = 553 + y. Is w a prime number?
True
Let t be 4 + -1 + 170/2. Let z = 93 - t. Suppose 3*c - z*s = 2956, -3*c - 1473 = -s - 4409. Is c prime?
True
Let d = 105 + -110. Let c = d - -8. Suppose -2*k + 4*k - 2*v = 4456, c*v - 3 = 0. Is k a composite number?
True
Let b(v) be the second derivative of 29*v**3/3 - 12*v**2 - 23*v. Let z be b(-12). Let f = z - -1265. Is f a prime number?
False
Let w(c) = c**2 - 7*c - 3. Let m be w(7). Suppose 2*a + 6*a = 40. Is 6171/4 + a/(-60)*m a composite number?
False
Let w = -88 - -93. Let n(d) = -168*d + 92. Let r(z) = 56*z - 31. Let m(l) = -4*n(l) - 11*r(l). Is m(w) a prime number?
False
Let v be (1 + 0)/(3/(49207 - 10)). Suppose v - 2864 = 5*k. Is k a composite number?
False
Suppose -5*j - 30 = 0, -3*z + 309634 + 508115 = 4*j. Is z a composite number?
True
Suppose 3*d - 526 = -11122. Let x = d - -1477. Let u = x - -2956. Is u a composite number?
True
Let b(